of 1850 and 6230060.
370
Calculate the highest common factor of 3294073 and 42143.
629
Calculate the highest common divisor of 178640 and 1738660.
1540
Calculate the greatest common factor of 29970 and 112295.
185
Calculate the greatest common factor of 8276100 and 67200.
2100
Calculate the greatest common divisor of 8259 and 19.
1
Calculate the highest common divisor of 9581 and 21122816.
143
What is the greatest common factor of 1125039 and 2121?
303
What is the highest common factor of 15129 and 904788?
369
Calculate the highest common divisor of 4372210 and 30.
10
What is the greatest common divisor of 32318 and 64001392?
2938
What is the highest common divisor of 247970 and 12206640?
1810
What is the greatest common factor of 3579 and 359093?
1193
What is the greatest common factor of 7771050 and 105?
105
Calculate the greatest common factor of 196708257 and 747.
747
What is the highest common divisor of 7947 and 441?
9
Calculate the highest common factor of 90 and 713406.
6
What is the greatest common factor of 55 and 13298010?
55
What is the greatest common factor of 1662 and 2014898?
554
Calculate the highest common divisor of 1022 and 2093042.
14
Calculate the highest common divisor of 989625 and 68295.
435
Calculate the highest common divisor of 22743 and 269560144.
2527
What is the highest common divisor of 106970 and 305709?
563
What is the greatest common divisor of 38 and 320209717?
19
Calculate the highest common factor of 1141 and 15548407.
1141
What is the highest common divisor of 12540 and 151203900?
1140
Calculate the highest common divisor of 600 and 88788850.
50
Calculate the greatest common factor of 71262 and 432066.
642
Calculate the highest common divisor of 20444 and 71212.
76
Calculate the highest common factor of 5 and 70712630.
5
Calculate the highest common factor of 26017730 and 25.
5
What is the greatest common factor of 509 and 198796?
1
Calculate the highest common factor of 1803242 and 78218.
2114
Calculate the highest common factor of 953490 and 39840.
30
What is the highest common factor of 454 and 115442?
2
What is the highest common divisor of 6534 and 7905843?
297
Calculate the greatest common divisor of 392679 and 20949113.
6233
Calculate the greatest common divisor of 85705 and 5409250.
1405
Calculate the highest common divisor of 244044 and 7281.
9
What is the highest common divisor of 3090 and 31167285?
1545
Calculate the highest common divisor of 1708204635 and 9.
9
What is the greatest common factor of 138667590 and 270?
90
What is the greatest common factor of 682 and 21829082?
22
What is the highest common divisor of 6636 and 10628976?
948
Calculate the greatest common divisor of 589221942 and 471.
471
Calculate the greatest common factor of 78050333 and 59.
59
What is the highest common divisor of 3964 and 79654598?
1982
What is the greatest common factor of 2267669 and 1349?
1349
Calculate the greatest common factor of 9320 and 1000.
40
What is the greatest common divisor of 144 and 7797726?
18
What is the greatest common factor of 1200 and 86672550?
150
What is the highest common factor of 1052 and 71444?
4
Calculate the highest common factor of 521817 and 1379991.
843
Calculate the greatest common factor of 492768 and 1332.
36
What is the highest common divisor of 2867128 and 616?
88
Calculate the highest common factor of 223971 and 10545147.
1851
What is the greatest common divisor of 18293595 and 195?
15
What is the highest common factor of 1562259 and 24?
3
Calculate the greatest common factor of 398 and 138573451.
199
Calculate the highest common divisor of 23733 and 44383347.
2637
Calculate the greatest common divisor of 8476 and 371306.
26
What is the highest common factor of 71864302 and 15291?
1699
Calculate the highest common factor of 2368225 and 24080.
215
Calculate the highest common factor of 700 and 99670060.
140
What is the highest common factor of 10255610 and 4810?
10
Calculate the greatest common divisor of 9246 and 2577.
3
Calculate the highest common divisor of 708 and 9198867.
177
Calculate the highest common factor of 3400483 and 1085.
31
Calculate the greatest common factor of 853210 and 31980.
410
What is the greatest common factor of 173633820 and 2?
2
What is the highest common factor of 37069 and 280326?
19
What is the greatest common divisor of 10839474 and 324?
54
Calculate the greatest common factor of 164 and 83214584.
164
What is the highest common divisor of 151101038 and 154?
22
Calculate the greatest common divisor of 42492436 and 6916.
532
Calculate the greatest common divisor of 6534 and 62238672.
54
What is the greatest common divisor of 1348 and 274762166?
674
What is the greatest common divisor of 869682 and 93588?
66
Calculate the greatest common factor of 23462 and 85.
1
Calculate the greatest common divisor of 2111022 and 1863.
81
What is the highest common factor of 1289 and 20538926?
1289
What is the highest common divisor of 4 and 27599804?
4
What is the greatest common factor of 700 and 2434208?
28
Calculate the highest common factor of 1001445963 and 903.
903
Calculate the greatest common divisor of 58520 and 545930.
770
What is the highest common divisor of 6557 and 33593723?
79
What is the highest common factor of 12 and 3067682?
2
Calculate the greatest common divisor of 11136671 and 2548.
637
What is the greatest common factor of 321895969 and 493?
493
Calculate the greatest common factor of 97912026 and 9.
9
What is the greatest common divisor of 164131760 and 31040?
7760
Calculate the greatest common divisor of 286 and 560014.
26
What is the greatest common factor of 787 and 459605639?
787
Calculate the greatest common divisor of 252 and 198233217.
63
Calculate the greatest common factor of 36936 and 780102.
342
Calculate the highest common divisor of 84594499 and 33.
11
What is the greatest common divisor of 512781435 and 138?
69
What is the greatest common factor of 14 and 59194961?
7
Calculate the highest common factor of 1187498 and 1196.
26
What is the highest common factor of 77410891 and 192211?
8357
What is the greatest common divisor of 94428 and 356814?
774
What is the greatest common factor of 24496 and 3112?
8
What is the highest common divisor of 78 and 3349566?
6
What is the highest common factor of 171218754 and 6399?
711
Calculate the highest common factor of 1332 and 320726286.
666
What is the highest common divisor of 381478 and 3749?
23
Calculate the greatest common divisor of 1055288 and 114397.
139
Calculate the highest common divisor of 52752 and 187458.
942
Calculate the greatest common factor of 38268 and 23922815.
1063
What is the greatest common factor of 120780 and 337086?
1098
What is the greatest common divisor of 3150 and 6229440?
630
Calculate the highest common divisor of 184107 and 33803.
77
What is the highest common divisor of 18836 and 399988?
1108
Calculate the highest common factor of 21381 and 17922.
3
What is the highest common factor of 13499326 and 493?
493
Calculate the highest common factor of 378 and 1873998.
126
Calculate the highest common factor of 55860 and 47690.
190
Calculate the greatest common divisor of 62208 and 95226624.
6912
What is the highest common factor of 1898 and 1774799?
13
What is the highest common divisor of 981 and 6681?
3
What is the greatest common factor of 7990016 and 2458884?
5428
Calculate the greatest common divisor of 160 and 148371040.
160
Calculate the highest common factor of 13674276 and 48708.
396
What is the greatest common factor of 111437627 and 28?
7
Calculate the highest common divisor of 953176 and 252.
28
Calculate the highest common divisor of 48480 and 961924.
404
What is the highest common divisor of 15 and 16508508?
3
What is the greatest common divisor of 2121924 and 3?
3
What is the highest common divisor of 120 and 77786868?
12
What is the highest common divisor of 807821 and 32116?
259
Calculate the highest common factor of 13916 and 55076.
196
What is the highest common divisor of 304361 and 9955601?
1577
What is the highest common factor of 65 and 5209250?
5
Calculate the highest common divisor of 15425086 and 578.
578
Calculate the highest common factor of 11035050 and 450.
150
What is the highest common divisor of 3 and 59075673?
3
Wh